ds digit of (-6)/13 - (-14261640)/1105?
9
Suppose -4*p + 46136 = 3*n, -30*n - p - 30783 = -32*n. What is the units digit of n?
8
Let p(x) = 1228*x**2 - 101*x - 296. What is the units digit of p(-3)?
9
Let w(g) = -75*g + 4*g**3 + 76*g - 3 - 5*g**3 + 0 + 8*g**2. Let k be w(8). What is the units digit of 15/25*23*3*k?
7
Suppose 40*l = 44*l + 24. Let f be 3/(-6)*l - -4. Let u(r) = 7*r - 35. What is the units digit of u(f)?
4
Let f = -347 + -14. Let l = 603 + f. What is the units digit of l?
2
Let a(w) = -8*w**2 + 900*w - 25. What is the thousands digit of a(35)?
1
What is the tens digit of (-2886)/(-2) - 1529/139?
3
Let s(q) = -q**2 + 12*q - 14. Let j be s(10). Suppose 2*x + 18 + j = 0. Let u = x + 61. What is the units digit of u?
9
Suppose -9*y + 10773 = -2340. Suppose 0 = -3*l - 53 + y. What is the hundreds digit of l?
4
Let d(p) = p**2 - 15*p + 12. Let t be d(14). Let y be t/(-8) + 261/(-36). What is the units digit of y - -11 - (-160)/2?
4
Let t(a) = 29*a - a**3 + 27 - 5*a**2 + 27*a + 19*a**2 - 2*a**2 - 20*a. What is the units digit of t(12)?
9
Suppose 565*w - 552*w - 274547 = 0. What is the hundreds digit of w?
1
Suppose 76*o - 222496 = 397892. What is the units digit of o?
3
Let b(x) = -2*x**2 + 23*x - 15. Let g be b(11). Let c(s) = -s**2 - 2*s + 8. Let y be c(g). Suppose -3*r = 5*q - 74, y = -q - 3 + 1. What is the tens digit of r?
2
Suppose -43*w - 1981784 = -86*w. What is the ten thousands digit of w?
4
Let t(o) = -128*o + 79. Let p(h) = -h**2 - 2*h + 29. Let c be p(-7). What is the units digit of t(c)?
7
Let b(j) = 6266*j - 1142. What is the thousands digit of b(4)?
3
Let w(g) be the second derivative of g**5/20 - g**4/2 + g**3/2 - g**2 - 2*g + 8. What is the units digit of w(8)?
0
Let d(x) = -5*x**3 + 4*x**2 + 11. Let o(p) = 5*p**3 - 4*p**2 - 12. Let h(t) = 3*d(t) + 2*o(t). Let m be h(3). What is the tens digit of m/25*10/(-12)*4?
1
Let d(a) = 20*a**2 + 2388*a - 222. What is the hundreds digit of d(-123)?
6
Suppose -5*y - 77 = -3*k, 4*y - 61 = -3*k + 5*y. Suppose 9*n = -6 + 42. What is the tens digit of (k - 8)*(1 + n)?
5
Suppose 2*d = 5*d - 18. Suppose 2*u = 5*m + d + 5, u - 2*m = 6. Suppose -2*g - h + 2*h + 128 = 0, -4*h = u. What is the tens digit of g?
6
Suppose -p + 0*m = 2*m + 872, -2*p - 5*m = 1747. Let c = -499 - p. What is the hundreds digit of c?
3
Suppose 14 = 2*x + 6. Suppose -x*j + 16*j - 3936 = 0. Let u = j - 171. What is the hundreds digit of u?
1
Let b = 22 - 8. Let x(l) be the third derivative of l**5/60 - 3*l**4/8 + l**3/2 - 132*l**2. What is the units digit of x(b)?
3
Suppose -4*i + 5*h + 12 = h, i - 9 = 3*h. Suppose i*q + 12 = 2*q. Suppose -2*u = -q - 54. What is the units digit of u?
0
Suppose 11 = 4*j - t - 9, 5*j - 8 = -3*t. Suppose 2*k - j*g = -2*k + 4, 8 = 3*k + 2*g. What is the units digit of k/(-3)*(-9)/6?
1
Let s = -269 - -273. Let o be 3 + (9/3)/(-3). Suppose -76 = s*d - q - 482, 0 = 2*d - o*q - 200. What is the hundreds digit of d?
1
Let u(a) = -a**3 + 5*a**2 - 5*a + 8. Let d be u(4). Suppose l + 19 = 4*f, f + d*l = -0*l - 8. What is the units digit of ((-87)/1)/((-6)/f)?
8
Let r be 2/5*-2 + (-4800)/(-375). Suppose -25*o - r*o + 32930 = 0. What is the tens digit of o?
9
Suppose 10*t = 6*t + 20. Let b(g) = 19*g + 10*g - 8*g - 26. What is the units digit of b(t)?
9
Let g(l) = l**3 + 2*l**2 - 4*l - 2. Let v = -10 + 7. Let c be g(v). What is the tens digit of (c*-1)/((-14)/770)?
5
Suppose 0 = 4*s - 16, 4*v + 673 = 7*v + 4*s. Suppose -3*n = -4*n - i + 111, 2*n + 3*i - v = 0. What is the hundreds digit of n?
1
What is the hundreds digit of (671330/(-340))/(-1*3/42)?
6
Let k = -4866 - -7530. Suppose k = 6*g - 0*g. What is the units digit of g?
4
Suppose -t + 32870 = 4*b, 11*t = 5*b + 8*t - 41079. What is the hundreds digit of b?
2
Let g = 148 - 140. Suppose -2*q + 10*q + g = 0. What is the tens digit of (-2 - 0) + 289 + q?
8
Suppose 91*m - 13560 = 111*m. Let l = m + 1464. What is the hundreds digit of l?
7
Let w(j) = -11*j - 26. Let n be w(-8). Let p = n - 63. What is the units digit of 14/(-21)*39*(p + 0)?
6
Let s be -128 + 0 + ((-8560)/(-1391) - 4/26). Let y = -269 + 618. Let l = s + y. What is the units digit of l?
7
Let b be -1 + -1 + 106 - (-96)/24. What is the units digit of (b/(-21))/(-2)*(3 - -102)?
0
Let n(u) = -u**2 - 6*u - 14. Let x be n(7). What is the units digit of ((-4011)/x)/(1/5)?
1
Let a be (-47919)/(-18) + 1 - 2/12. Suppose 16*q - a = 2217. What is the units digit of q?
5
Let s(j) = j**3 - 108*j**2 - 512*j - 514. What is the units digit of s(114)?
4
Suppose -5*r + 5*v + 40 = 0, -3*r + v = -12 - 16. Let p(u) = u**2 + 3*u - 35. What is the units digit of p(r)?
5
Let o(s) = -326*s - 17. Let h = 28 - 29. What is the hundreds digit of o(h)?
3
Let y = 22801 + -9465. What is the ten thousands digit of y?
1
Let a(l) = l**2 - 11*l - 11. Suppose 35*g - 37*g = -30. Let x be a(g). Suppose -2*f + 173 = -x. What is the hundreds digit of f?
1
What is the hundreds digit of -9 + (2431 - 40/8)?
4
Let p be (-78)/(-6) + (-8)/4. Let b be p*(-7 - -2)/(-5). Suppose i + b = 96. What is the units digit of i?
5
Let j be 10*4/10 - -1802. Suppose -4*m = 3*m + j. Let t = -119 - m. What is the units digit of t?
9
Let m(d) = 2*d**2 + 8*d + 18. Let q be m(-7). Let i = q - 55. Suppose i*c + 4*r - 264 = 0, -2*c + 4*c - r = 103. What is the units digit of c?
2
Suppose 1168312 = 47*r + 990006 - 2896998. What is the tens digit of r?
3
Let n be (56/8)/28 + (-150)/(-8). Let s(h) = -2*h**2 + 38*h - 4. Let m be s(n). What is the units digit of (m + 0 + (-78)/(-6))*5?
5
Suppose -3*k - 1627 = 4*w, -w - 380 = 3*k + 1244. Let v = 1774 + k. What is the thousands digit of v?
1
Let k = 58768 + -34422. What is the ten thousands digit of k?
2
Let h = -2 + 4. Suppose 3*c = -5 + 17. Suppose c*o - 756 = -h*o. What is the units digit of o?
6
Suppose -38*w - 782 = -39*w. Let d = 1565 - w. What is the hundreds digit of d?
7
Suppose -4*k = -x - 1543, -k - 4*x = -3*k + 768. Let l = k - 348. What is the units digit of l?
8
Let h(l) = -503*l + 158. Let u(w) = 168*w - 53. Let g(s) = -4*h(s) - 11*u(s). Let f be g(14). What is the tens digit of (-3)/(-15) + (f/15 - 2)?
4
Suppose 0 = -2*x + 2*g + 23920, 2*x + 3*g = 5861 + 18069. What is the hundreds digit of x?
9
Let z be (19/(-3))/((-1)/3). Suppose -4*m - 5*d = -1, -2*d = -m + 3*d + z. Suppose m = -4*j + 12. What is the units digit of j?
2
Let y(o) = 425*o + 44. Let w be y(6). What is the units digit of 39/(-26)*w/(-3)?
7
Let j be (-2)/(-12)*2 - (-2644)/(-12). Let o = -133 - j. Suppose 3*s - 4*b - o = 67, 5*s - 246 = 4*b. What is the units digit of s?
6
Let s = 92 + -110. What is the units digit of s/(-108) - (-1757)/6?
3
Let x(q) = -q**2 - 4*q - 4. Let i be x(-2). Let d be 1 - (i - 0) - -1. What is the tens digit of ((-1)/(4/(-6)))/(d/60)?
4
Let p(g) = -g**2 - 20*g - 10. Let a = 76 - 92. What is the units digit of p(a)?
4
Let s be ((-7236)/(-135))/((-1)/(-10)*-2). Let y = 395 + s. What is the tens digit of y?
2
Let a = 9559 + -6164. What is the hundreds digit of a?
3
Let m(u) = -3*u**3 - 21*u**2 + 9*u - 5. Let k be m(-9). Suppose 3*r - k = 185. What is the hundreds digit of r?
1
Let z(s) = 6*s + 15. Let w be z(3). What is the units digit of (-38)/(-8) - w/44?
4
Let g(z) = 512*z + 19. Let j be g(2). Suppose -3*f = -3*k + 1309 + j, -5*f - 796 = -k. What is the tens digit of k?
8
Let k be (-2)/(-4)*(7 - -3). Suppose 2*v + k*c - 2221 = 910, 1558 = v - 5*c. What is the thousands digit of v?
1
Suppose -2*r + 5*t - 4177 = -28876, r = -9*t + 12384. What is the tens digit of r?
5
Suppose -a = -6*a - 7*a. Let g be (-1)/(-2)*0/2. Suppose a = 3*i + 5*o - 478, g = -o + 7 - 2. What is the tens digit of i?
5
Suppose -3*t + a + 2 = 0, 0 = -2*t - a + 3 - 0. Let z be (13/(-39))/(t/(-12)). What is the units digit of z - (1 + 1) - -3?
5
Suppose 0 = 4*r - 5*i - 23, 14*r = 9*r + 5*i + 30. What is the tens digit of (-2 - -522) + (-2 - r)?
1
Suppose 5*h - 3*h = 5*j + 89, 2*j + 2*h = -30. Suppose 9*g + 120 = 66. Let w = g - j. What is the units digit of w?
1
Let c = -16284 - -23202. What is the thousands digit of c?
6
Suppose 5*x - 10 = 0, 4*x - 8*x - 2 = 5*v. Let n(z) = 101*z**2 + 2*z + 8. What is the tens digit of n(v)?
0
What is the units digit of (-1)/2*(14 - 16)*(-9 - -11822)?
3
Let g(q) = q**3 + q**2 - 2*q + 2. Let b b